{"id":6333,"date":"2022-11-29T01:38:13","date_gmt":"2022-11-29T00:38:13","guid":{"rendered":"https:\/\/plenoil.es\/politica-de-qualitat-i-medi-ambient\/"},"modified":"2023-12-20T11:09:53","modified_gmt":"2023-12-20T10:09:53","slug":"politica-de-qualitat-i-medi-ambient","status":"publish","type":"page","link":"https:\/\/plenergy.es\/ca\/politica-de-qualitat-i-medi-ambient\/","title":{"rendered":"Pol\u00edtica de qualitat i medi ambient"},"content":{"rendered":"\t\t<div data-elementor-type=\"wp-page\" data-elementor-id=\"6333\" class=\"elementor elementor-6333 elementor-930\" data-elementor-post-type=\"page\">\n\t\t\t\t\t\t<section class=\"elementor-section elementor-top-section elementor-element elementor-element-f29ad57 elementor-section-boxed elementor-section-height-default elementor-section-height-default\" data-id=\"f29ad57\" data-element_type=\"section\" data-e-type=\"section\">\n\t\t\t\t\t\t<div class=\"elementor-container elementor-column-gap-no\">\n\t\t\t\t\t<div class=\"elementor-column elementor-col-100 elementor-top-column elementor-element elementor-element-d66a426\" data-id=\"d66a426\" data-element_type=\"column\" data-e-type=\"column\">\n\t\t\t<div class=\"elementor-widget-wrap elementor-element-populated\">\n\t\t\t\t\t\t<div class=\"elementor-element elementor-element-1d830c7 elementor-widget elementor-widget-spacer\" data-id=\"1d830c7\" data-element_type=\"widget\" data-e-type=\"widget\" data-widget_type=\"spacer.default\">\n\t\t\t\t<div class=\"elementor-widget-container\">\n\t\t\t\t\t\t\t<div class=\"elementor-spacer\">\n\t\t\t<div class=\"elementor-spacer-inner\"><\/div>\n\t\t<\/div>\n\t\t\t\t\t\t<\/div>\n\t\t\t\t<\/div>\n\t\t\t\t<div class=\"elementor-element elementor-element-f7809c7 elementor-widget elementor-widget-heading\" data-id=\"f7809c7\" data-element_type=\"widget\" data-e-type=\"widget\" data-widget_type=\"heading.default\">\n\t\t\t\t<div class=\"elementor-widget-container\">\n\t\t\t\t\t<h2 class=\"elementor-heading-title elementor-size-default\">Pol\u00edtica de qualitat i medi ambient<\/h2>\t\t\t\t<\/div>\n\t\t\t\t<\/div>\n\t\t\t\t<div class=\"elementor-element elementor-element-2847858 elementor-widget elementor-widget-spacer\" data-id=\"2847858\" data-element_type=\"widget\" data-e-type=\"widget\" data-widget_type=\"spacer.default\">\n\t\t\t\t<div class=\"elementor-widget-container\">\n\t\t\t\t\t\t\t<div class=\"elementor-spacer\">\n\t\t\t<div class=\"elementor-spacer-inner\"><\/div>\n\t\t<\/div>\n\t\t\t\t\t\t<\/div>\n\t\t\t\t<\/div>\n\t\t\t\t<div class=\"elementor-element elementor-element-03fbc51 elementor-widget elementor-widget-text-editor\" data-id=\"03fbc51\" data-element_type=\"widget\" data-e-type=\"widget\" data-widget_type=\"text-editor.default\">\n\t\t\t\t<div class=\"elementor-widget-container\">\n\t\t\t\t\t\t\t\t\t<p><span style=\"color: #ff6600;\"><strong>PLENOIL<\/strong><\/span>, en la seva activitat de <span style=\"color: #ff6600;\"><strong>venda de combustible al detall<\/strong><\/span>, assumeix el comprom\u00eds amb la qualitat segons els est\u00e0ndards de la ISO 9001:2015 i coneix la import\u00e0ncia d&#8217;integrar com a variable essencial de la seva activitat el respecte i la protecci\u00f3 al medi ambient en el desenvolupament de les seves activitats segons ISO 14001: 2015. Per aix\u00f2, la nostra organitzaci\u00f3 estableix els principis seg\u00fcents:<\/p>\n<ul>\n<li><em>Comprom\u00eds de compliment dels requisits legals i d&#8217;altres requisits que l&#8217;organitzaci\u00f3 subscrigui a m\u00e9s dels requisits aplicables adquirits amb els clients.<\/em><\/li>\n<li><em>Comprom\u00eds de millora cont\u00ednua del Sistema de Gesti\u00f3 per aconseguir la millora del nostre exercici ambiental i els nostres processos de gesti\u00f3 de qualitat.<\/em><\/li>\n<li><em>Protecci\u00f3 del medi ambient incloent-hi la prevenci\u00f3 de la contaminaci\u00f3 mitjan\u00e7ant l&#8217;aplicaci\u00f3 de criteris d&#8217;efici\u00e8ncia en consums de recursos naturals, abocaments, emissions i generaci\u00f3 de residus pel desenvolupament de les nostres activitats, aix\u00ed com altres impactes que la nostra activitat pogu\u00e9s produir sobre el medi ambient en la mesura que sigui t\u00e8cnicament i econ\u00f2micament viable<\/em><\/li>\n<li><em>Col\u00b7laborar amb els nostres prove\u00efdors per tal de millorar les seves actuacions mediambientals, que repercuteixin en una efici\u00e8ncia ambiental m\u00e9s gran de la nostra activitat.<\/em><\/li>\n<li><em>Comprom\u00eds de di\u00e0leg obert i cordial amb els diferents ens administratius, aix\u00ed com ve\u00efns i altres grups d&#8217;interessats a les nostres activitats.<\/em><\/li>\n<li><em>Garantir el correcte estat de les instal\u00b7lacions i l&#8217;equipament adequat de manera que estiguin en correspond\u00e8ncia amb l&#8217;activitat, els objectius i les metes de l&#8217;empresa.<\/em><\/li>\n<\/ul>\n<p><em>Aquests principis s\u00f3n assumits per La Direcci\u00f3 qui disposa els mitjans necessaris i dota els seus empleats dels recursos suficients per al seu compliment, plasmant-los i posant-los en p\u00fablic coneixement a trav\u00e9s de la present Pol\u00edtica de Qualitat i Medi ambient.<\/em><\/p>\n<p style=\"text-align: right;\"><em>A Madrid, 09 d&#8217;abril de 2020<\/em><\/p>\n<p style=\"text-align: right;\"><em>Direcci\u00f3<\/em><\/p>\n<p style=\"text-align: right;\"><em>Rev. 0<\/em><\/p>\n\t\t\t\t\t\t\t\t<\/div>\n\t\t\t\t<\/div>\n\t\t\t\t<div class=\"elementor-element elementor-element-a1c3bd0 elementor-widget elementor-widget-spacer\" data-id=\"a1c3bd0\" data-element_type=\"widget\" data-e-type=\"widget\" data-widget_type=\"spacer.default\">\n\t\t\t\t<div class=\"elementor-widget-container\">\n\t\t\t\t\t\t\t<div class=\"elementor-spacer\">\n\t\t\t<div class=\"elementor-spacer-inner\"><\/div>\n\t\t<\/div>\n\t\t\t\t\t\t<\/div>\n\t\t\t\t<\/div>\n\t\t\t\t\t<\/div>\n\t\t<\/div>\n\t\t\t\t\t<\/div>\n\t\t<\/section>\n\t\t\t\t<\/div>\n\t\t","protected":false},"excerpt":{"rendered":"<p>Pol\u00edtica de qualitat i medi ambient PLENOIL, en la seva activitat de venda de combustible al detall, assumeix el comprom\u00eds amb la qualitat segons els est\u00e0ndards de la ISO 9001:2015 i coneix la import\u00e0ncia d&#8217;integrar com a variable essencial de la seva activitat el respecte i la protecci\u00f3 al medi ambient en el desenvolupament de [&hellip;]<\/p>\n","protected":false},"author":1,"featured_media":0,"parent":0,"menu_order":0,"comment_status":"closed","ping_status":"closed","template":"","meta":{"footnotes":""},"class_list":["post-6333","page","type-page","status-publish","hentry"],"yoast_head":"<!-- This site is optimized with the Yoast SEO plugin v27.4 - https:\/\/yoast.com\/product\/yoast-seo-wordpress\/ -->\n<title>Pol\u00edtica de qualitat i medi ambient - Plenergy gasolineras<\/title>\n<meta name=\"robots\" content=\"index, follow, max-snippet:-1, max-image-preview:large, max-video-preview:-1\" \/>\n<link rel=\"canonical\" href=\"https:\/\/plenergy.es\/ca\/politica-de-qualitat-i-medi-ambient\/\" \/>\n<meta property=\"og:locale\" content=\"ca_ES\" \/>\n<meta property=\"og:type\" content=\"article\" \/>\n<meta property=\"og:title\" content=\"Pol\u00edtica de qualitat i medi ambient - Plenergy gasolineras\" \/>\n<meta property=\"og:description\" content=\"Pol\u00edtica de qualitat i medi ambient PLENOIL, en la seva activitat de venda de combustible al detall, assumeix el comprom\u00eds amb la qualitat segons els est\u00e0ndards de la ISO 9001:2015 i coneix la import\u00e0\" \/>\n<meta property=\"og:url\" content=\"https:\/\/plenergy.es\/ca\/politica-de-qualitat-i-medi-ambient\/\" \/>\n<meta property=\"og:site_name\" content=\"Plenergy gasolineras\" \/>\n<meta property=\"article:modified_time\" content=\"2023-12-20T10:09:53+00:00\" \/>\n<meta name=\"twitter:card\" content=\"summary_large_image\" \/>\n<meta name=\"twitter:label1\" content=\"Temps estimat de lectura\" \/>\n\t<meta name=\"twitter:data1\" content=\"2 minuts\" \/>\n<script type=\"application\/ld+json\" class=\"yoast-schema-graph\">{\"@context\":\"https:\\\/\\\/schema.org\",\"@graph\":[{\"@type\":\"WebPage\",\"@id\":\"https:\\\/\\\/plenergy.es\\\/ca\\\/politica-de-qualitat-i-medi-ambient\\\/\",\"url\":\"https:\\\/\\\/plenergy.es\\\/ca\\\/politica-de-qualitat-i-medi-ambient\\\/\",\"name\":\"Pol\u00edtica de qualitat i medi ambient - Plenergy gasolineras\",\"isPartOf\":{\"@id\":\"https:\\\/\\\/plenergy.es\\\/ca\\\/#website\"},\"datePublished\":\"2022-11-29T00:38:13+00:00\",\"dateModified\":\"2023-12-20T10:09:53+00:00\",\"breadcrumb\":{\"@id\":\"https:\\\/\\\/plenergy.es\\\/ca\\\/politica-de-qualitat-i-medi-ambient\\\/#breadcrumb\"},\"inLanguage\":\"ca\",\"potentialAction\":[{\"@type\":\"ReadAction\",\"target\":[\"https:\\\/\\\/plenergy.es\\\/ca\\\/politica-de-qualitat-i-medi-ambient\\\/\"]}]},{\"@type\":\"BreadcrumbList\",\"@id\":\"https:\\\/\\\/plenergy.es\\\/ca\\\/politica-de-qualitat-i-medi-ambient\\\/#breadcrumb\",\"itemListElement\":[{\"@type\":\"ListItem\",\"position\":1,\"name\":\"Portada\",\"item\":\"https:\\\/\\\/plenergy.es\\\/ca\\\/\"},{\"@type\":\"ListItem\",\"position\":2,\"name\":\"Pol\u00edtica de qualitat i medi ambient\"}]},{\"@type\":\"WebSite\",\"@id\":\"https:\\\/\\\/plenergy.es\\\/ca\\\/#website\",\"url\":\"https:\\\/\\\/plenergy.es\\\/ca\\\/\",\"name\":\"Plenergy gasolineras\",\"description\":\"Energ\u00eda al mejor precio para tu veh\u00edculo\",\"publisher\":{\"@id\":\"https:\\\/\\\/plenergy.es\\\/ca\\\/#organization\"},\"potentialAction\":[{\"@type\":\"SearchAction\",\"target\":{\"@type\":\"EntryPoint\",\"urlTemplate\":\"https:\\\/\\\/plenergy.es\\\/ca\\\/?s={search_term_string}\"},\"query-input\":{\"@type\":\"PropertyValueSpecification\",\"valueRequired\":true,\"valueName\":\"search_term_string\"}}],\"inLanguage\":\"ca\"},{\"@type\":\"Organization\",\"@id\":\"https:\\\/\\\/plenergy.es\\\/ca\\\/#organization\",\"name\":\"Plenergy gasolineras\",\"url\":\"https:\\\/\\\/plenergy.es\\\/ca\\\/\",\"logo\":{\"@type\":\"ImageObject\",\"inLanguage\":\"ca\",\"@id\":\"https:\\\/\\\/plenergy.es\\\/ca\\\/#\\\/schema\\\/logo\\\/image\\\/\",\"url\":\"https:\\\/\\\/plenergy.es\\\/wp-content\\\/uploads\\\/2022\\\/11\\\/Plenoil-logo-2022-1.svg\",\"contentUrl\":\"https:\\\/\\\/plenergy.es\\\/wp-content\\\/uploads\\\/2022\\\/11\\\/Plenoil-logo-2022-1.svg\",\"width\":500,\"height\":110,\"caption\":\"Plenergy gasolineras\"},\"image\":{\"@id\":\"https:\\\/\\\/plenergy.es\\\/ca\\\/#\\\/schema\\\/logo\\\/image\\\/\"}}]}<\/script>\n<!-- \/ Yoast SEO plugin. -->","yoast_head_json":{"title":"Pol\u00edtica de qualitat i medi ambient - Plenergy gasolineras","robots":{"index":"index","follow":"follow","max-snippet":"max-snippet:-1","max-image-preview":"max-image-preview:large","max-video-preview":"max-video-preview:-1"},"canonical":"https:\/\/plenergy.es\/ca\/politica-de-qualitat-i-medi-ambient\/","og_locale":"ca_ES","og_type":"article","og_title":"Pol\u00edtica de qualitat i medi ambient - Plenergy gasolineras","og_description":"Pol\u00edtica de qualitat i medi ambient PLENOIL, en la seva activitat de venda de combustible al detall, assumeix el comprom\u00eds amb la qualitat segons els est\u00e0ndards de la ISO 9001:2015 i coneix la import\u00e0","og_url":"https:\/\/plenergy.es\/ca\/politica-de-qualitat-i-medi-ambient\/","og_site_name":"Plenergy gasolineras","article_modified_time":"2023-12-20T10:09:53+00:00","twitter_card":"summary_large_image","twitter_misc":{"Temps estimat de lectura":"2 minuts"},"schema":{"@context":"https:\/\/schema.org","@graph":[{"@type":"WebPage","@id":"https:\/\/plenergy.es\/ca\/politica-de-qualitat-i-medi-ambient\/","url":"https:\/\/plenergy.es\/ca\/politica-de-qualitat-i-medi-ambient\/","name":"Pol\u00edtica de qualitat i medi ambient - Plenergy gasolineras","isPartOf":{"@id":"https:\/\/plenergy.es\/ca\/#website"},"datePublished":"2022-11-29T00:38:13+00:00","dateModified":"2023-12-20T10:09:53+00:00","breadcrumb":{"@id":"https:\/\/plenergy.es\/ca\/politica-de-qualitat-i-medi-ambient\/#breadcrumb"},"inLanguage":"ca","potentialAction":[{"@type":"ReadAction","target":["https:\/\/plenergy.es\/ca\/politica-de-qualitat-i-medi-ambient\/"]}]},{"@type":"BreadcrumbList","@id":"https:\/\/plenergy.es\/ca\/politica-de-qualitat-i-medi-ambient\/#breadcrumb","itemListElement":[{"@type":"ListItem","position":1,"name":"Portada","item":"https:\/\/plenergy.es\/ca\/"},{"@type":"ListItem","position":2,"name":"Pol\u00edtica de qualitat i medi ambient"}]},{"@type":"WebSite","@id":"https:\/\/plenergy.es\/ca\/#website","url":"https:\/\/plenergy.es\/ca\/","name":"Plenergy gasolineras","description":"Energ\u00eda al mejor precio para tu veh\u00edculo","publisher":{"@id":"https:\/\/plenergy.es\/ca\/#organization"},"potentialAction":[{"@type":"SearchAction","target":{"@type":"EntryPoint","urlTemplate":"https:\/\/plenergy.es\/ca\/?s={search_term_string}"},"query-input":{"@type":"PropertyValueSpecification","valueRequired":true,"valueName":"search_term_string"}}],"inLanguage":"ca"},{"@type":"Organization","@id":"https:\/\/plenergy.es\/ca\/#organization","name":"Plenergy gasolineras","url":"https:\/\/plenergy.es\/ca\/","logo":{"@type":"ImageObject","inLanguage":"ca","@id":"https:\/\/plenergy.es\/ca\/#\/schema\/logo\/image\/","url":"https:\/\/plenergy.es\/wp-content\/uploads\/2022\/11\/Plenoil-logo-2022-1.svg","contentUrl":"https:\/\/plenergy.es\/wp-content\/uploads\/2022\/11\/Plenoil-logo-2022-1.svg","width":500,"height":110,"caption":"Plenergy gasolineras"},"image":{"@id":"https:\/\/plenergy.es\/ca\/#\/schema\/logo\/image\/"}}]}},"_links":{"self":[{"href":"https:\/\/plenergy.es\/ca\/wp-json\/wp\/v2\/pages\/6333","targetHints":{"allow":["GET"]}}],"collection":[{"href":"https:\/\/plenergy.es\/ca\/wp-json\/wp\/v2\/pages"}],"about":[{"href":"https:\/\/plenergy.es\/ca\/wp-json\/wp\/v2\/types\/page"}],"author":[{"embeddable":true,"href":"https:\/\/plenergy.es\/ca\/wp-json\/wp\/v2\/users\/1"}],"replies":[{"embeddable":true,"href":"https:\/\/plenergy.es\/ca\/wp-json\/wp\/v2\/comments?post=6333"}],"version-history":[{"count":0,"href":"https:\/\/plenergy.es\/ca\/wp-json\/wp\/v2\/pages\/6333\/revisions"}],"wp:attachment":[{"href":"https:\/\/plenergy.es\/ca\/wp-json\/wp\/v2\/media?parent=6333"}],"curies":[{"name":"wp","href":"https:\/\/api.w.org\/{rel}","templated":true}]}}

Política de qualitat i medi ambient

<div data-elementor-type="wp-page" data-elementor-id="6333" class="elementor elementor-6333 elementor-930" data-elementor-post-type="page">
						<section class="elementor-section elementor-top-section elementor-element elementor-element-f29ad57 elementor-section-boxed elementor-section-height-default elementor-section-height-default" data-id="f29ad57" data-element_type="section" data-e-type="section">
						<div class="elementor-container elementor-column-gap-no">
					<div class="elementor-column elementor-col-100 elementor-top-column elementor-element elementor-element-d66a426" data-id="d66a426" data-element_type="column" data-e-type="column">
			<div class="elementor-widget-wrap elementor-element-populated">
						<div class="elementor-element elementor-element-1d830c7 elementor-widget elementor-widget-spacer" data-id="1d830c7" data-element_type="widget" data-e-type="widget" data-widget_type="spacer.default">
				<div class="elementor-widget-container">
							<div class="elementor-spacer">
			<div class="elementor-spacer-inner"></div>
		</div>
						</div>
				</div>
				<div class="elementor-element elementor-element-f7809c7 elementor-widget elementor-widget-heading" data-id="f7809c7" data-element_type="widget" data-e-type="widget" data-widget_type="heading.default">
				<div class="elementor-widget-container">
					<h2 class="elementor-heading-title elementor-size-default">Política de qualitat i medi ambient</h2>				</div>
				</div>
				<div class="elementor-element elementor-element-2847858 elementor-widget elementor-widget-spacer" data-id="2847858" data-element_type="widget" data-e-type="widget" data-widget_type="spacer.default">
				<div class="elementor-widget-container">
							<div class="elementor-spacer">
			<div class="elementor-spacer-inner"></div>
		</div>
						</div>
				</div>
				<div class="elementor-element elementor-element-03fbc51 elementor-widget elementor-widget-text-editor" data-id="03fbc51" data-element_type="widget" data-e-type="widget" data-widget_type="text-editor.default">
				<div class="elementor-widget-container">
									<p><span style="color: #ff6600;"><strong>PLENOIL</strong></span>, en la seva activitat de <span style="color: #ff6600;"><strong>venda de combustible al detall</strong></span>, assumeix el compromís amb la qualitat segons els estàndards de la ISO 9001:2015 i coneix la importància d&#8217;integrar com a variable essencial de la seva activitat el respecte i la protecció al medi ambient en el desenvolupament de les seves activitats segons ISO 14001: 2015. Per això, la nostra organització estableix els principis següents:</p>
<ul>
<li><em>Compromís de compliment dels requisits legals i d&#8217;altres requisits que l&#8217;organització subscrigui a més dels requisits aplicables adquirits amb els clients.</em></li>
<li><em>Compromís de millora contínua del Sistema de Gestió per aconseguir la millora del nostre exercici ambiental i els nostres processos de gestió de qualitat.</em></li>
<li><em>Protecció del medi ambient incloent-hi la prevenció de la contaminació mitjançant l&#8217;aplicació de criteris d&#8217;eficiència en consums de recursos naturals, abocaments, emissions i generació de residus pel desenvolupament de les nostres activitats, així com altres impactes que la nostra activitat pogués produir sobre el medi ambient en la mesura que sigui tècnicament i econòmicament viable</em></li>
<li><em>Col·laborar amb els nostres proveïdors per tal de millorar les seves actuacions mediambientals, que repercuteixin en una eficiència ambiental més gran de la nostra activitat.</em></li>
<li><em>Compromís de diàleg obert i cordial amb els diferents ens administratius, així com veïns i altres grups d&#8217;interessats a les nostres activitats.</em></li>
<li><em>Garantir el correcte estat de les instal·lacions i l&#8217;equipament adequat de manera que estiguin en correspondència amb l&#8217;activitat, els objectius i les metes de l&#8217;empresa.</em></li>
</ul>
<p><em>Aquests principis són assumits per La Direcció qui disposa els mitjans necessaris i dota els seus empleats dels recursos suficients per al seu compliment, plasmant-los i posant-los en públic coneixement a través de la present Política de Qualitat i Medi ambient.</em></p>
<p style="text-align: right;"><em>A Madrid, 09 d&#8217;abril de 2020</em></p>
<p style="text-align: right;"><em>Direcció</em></p>
<p style="text-align: right;"><em>Rev. 0</em></p>
								</div>
				</div>
				<div class="elementor-element elementor-element-a1c3bd0 elementor-widget elementor-widget-spacer" data-id="a1c3bd0" data-element_type="widget" data-e-type="widget" data-widget_type="spacer.default">
				<div class="elementor-widget-container">
							<div class="elementor-spacer">
			<div class="elementor-spacer-inner"></div>
		</div>
						</div>
				</div>
					</div>
		</div>
					</div>
		</section>
				</div>

<p>Política de qualitat i medi ambient PLENOIL, en la seva activitat de venda de combustible al detall, assumeix el compromís amb la qualitat segons els estàndards de la ISO 9001:2015 i coneix la importància d&#8217;integrar com a variable essencial de la seva activitat el respecte i la protecció al medi ambient en el desenvolupament de [&hellip;]</p>

<!-- This site is optimized with the Yoast SEO plugin v27.4 - https://yoast.com/product/yoast-seo-wordpress/ -->
<title>Política de qualitat i medi ambient - Plenergy gasolineras</title>
<meta name="robots" content="index, follow, max-snippet:-1, max-image-preview:large, max-video-preview:-1" />
<link rel="canonical" href="https://plenergy.es/ca/politica-de-qualitat-i-medi-ambient/" />
<meta property="og:locale" content="ca_ES" />
<meta property="og:type" content="article" />
<meta property="og:title" content="Política de qualitat i medi ambient - Plenergy gasolineras" />
<meta property="og:description" content="Política de qualitat i medi ambient PLENOIL, en la seva activitat de venda de combustible al detall, assumeix el compromís amb la qualitat segons els estàndards de la ISO 9001:2015 i coneix la importà" />
<meta property="og:url" content="https://plenergy.es/ca/politica-de-qualitat-i-medi-ambient/" />
<meta property="og:site_name" content="Plenergy gasolineras" />
<meta property="article:modified_time" content="2023-12-20T10:09:53+00:00" />
<meta name="twitter:card" content="summary_large_image" />
<meta name="twitter:label1" content="Temps estimat de lectura" />
	<meta name="twitter:data1" content="2 minuts" />
<script type="application/ld+json" class="yoast-schema-graph">{"@context":"https:\/\/schema.org","@graph":[{"@type":"WebPage","@id":"https:\/\/plenergy.es\/ca\/politica-de-qualitat-i-medi-ambient\/","url":"https:\/\/plenergy.es\/ca\/politica-de-qualitat-i-medi-ambient\/","name":"Política de qualitat i medi ambient - Plenergy gasolineras","isPartOf":{"@id":"https:\/\/plenergy.es\/ca\/#website"},"datePublished":"2022-11-29T00:38:13+00:00","dateModified":"2023-12-20T10:09:53+00:00","breadcrumb":{"@id":"https:\/\/plenergy.es\/ca\/politica-de-qualitat-i-medi-ambient\/#breadcrumb"},"inLanguage":"ca","potentialAction":[{"@type":"ReadAction","target":["https:\/\/plenergy.es\/ca\/politica-de-qualitat-i-medi-ambient\/"]}]},{"@type":"BreadcrumbList","@id":"https:\/\/plenergy.es\/ca\/politica-de-qualitat-i-medi-ambient\/#breadcrumb","itemListElement":[{"@type":"ListItem","position":1,"name":"Portada","item":"https:\/\/plenergy.es\/ca\/"},{"@type":"ListItem","position":2,"name":"Política de qualitat i medi ambient"}]},{"@type":"WebSite","@id":"https:\/\/plenergy.es\/ca\/#website","url":"https:\/\/plenergy.es\/ca\/","name":"Plenergy gasolineras","description":"Energía al mejor precio para tu vehículo","publisher":{"@id":"https:\/\/plenergy.es\/ca\/#organization"},"potentialAction":[{"@type":"SearchAction","target":{"@type":"EntryPoint","urlTemplate":"https:\/\/plenergy.es\/ca\/?s={search_term_string}"},"query-input":{"@type":"PropertyValueSpecification","valueRequired":true,"valueName":"search_term_string"}}],"inLanguage":"ca"},{"@type":"Organization","@id":"https:\/\/plenergy.es\/ca\/#organization","name":"Plenergy gasolineras","url":"https:\/\/plenergy.es\/ca\/","logo":{"@type":"ImageObject","inLanguage":"ca","@id":"https:\/\/plenergy.es\/ca\/#\/schema\/logo\/image\/","url":"https:\/\/plenergy.es\/wp-content\/uploads\/2022\/11\/Plenoil-logo-2022-1.svg","contentUrl":"https:\/\/plenergy.es\/wp-content\/uploads\/2022\/11\/Plenoil-logo-2022-1.svg","width":500,"height":110,"caption":"Plenergy gasolineras"},"image":{"@id":"https:\/\/plenergy.es\/ca\/#\/schema\/logo\/image\/"}}]}</script>
<!-- / Yoast SEO plugin. -->

Política de qualitat i medi ambient - Plenergy gasolineras

Política de qualitat i medi ambient PLENOIL, en la seva activitat de venda de combustible al detall, assumeix el compromís amb la qualitat segons els estàndards de la ISO 9001:2015 i coneix la importà

Energía al mejor precio para tu vehículo
